{"id":400,"date":"2021-05-19T13:22:34","date_gmt":"2021-05-19T13:22:34","guid":{"rendered":"https:\/\/liberaenergia.es\/?page_id=400"},"modified":"2021-05-20T11:11:21","modified_gmt":"2021-05-20T11:11:21","slug":"patrocinios-libera-energia","status":"publish","type":"page","link":"https:\/\/liberaenergia.es\/index.php\/patrocinios-libera-energia\/","title":{"rendered":"Patrocinios Libera Energ\u00eda"},"content":{"rendered":"\t\t<div data-elementor-type=\"wp-page\" data-elementor-id=\"400\" class=\"elementor elementor-400\">\n\t\t\t\t\t\t\t\t\t<section class=\"elementor-section elementor-top-section elementor-element elementor-element-0896e21 elementor-section-boxed elementor-section-height-default elementor-section-height-default parallax_section_no qode_elementor_container_no\" data-id=\"0896e21\" data-element_type=\"section\">\n\t\t\t\t\t\t<div class=\"elementor-container elementor-column-gap-default\">\n\t\t\t\t\t<div class=\"elementor-column elementor-col-100 elementor-top-column elementor-element elementor-element-521c17c\" data-id=\"521c17c\" data-element_type=\"column\">\n\t\t\t<div class=\"elementor-widget-wrap elementor-element-populated\">\n\t\t\t\t\t\t\t\t<div class=\"elementor-element elementor-element-359df72e elementor-widget elementor-widget-text-editor\" data-id=\"359df72e\" data-element_type=\"widget\" data-widget_type=\"text-editor.default\">\n\t\t\t\t<div class=\"elementor-widget-container\">\n\t\t\t\t\t\t\t<h3 style=\"text-align: center;\">Patrocinio de Clubes y Asociaciones<\/h3>\t\t\t\t\t\t<\/div>\n\t\t\t\t<\/div>\n\t\t\t\t\t<\/div>\n\t\t<\/div>\n\t\t\t\t\t\t\t<\/div>\n\t\t<\/section>\n\t\t\t\t<section class=\"elementor-section elementor-top-section elementor-element elementor-element-138294cd qode_elementor_container_inner elementor-section-boxed elementor-section-height-default elementor-section-height-default parallax_section_no\" data-id=\"138294cd\" data-element_type=\"section\">\n\t\t\t\t\t\t<div class=\"elementor-container elementor-column-gap-default\">\n\t\t\t\t\t<div class=\"elementor-column elementor-col-50 elementor-top-column elementor-element elementor-element-5ea7b4bd\" data-id=\"5ea7b4bd\" data-element_type=\"column\">\n\t\t\t<div class=\"elementor-widget-wrap elementor-element-populated\">\n\t\t\t\t\t\t\t\t<div class=\"elementor-element elementor-element-569911a8 elementor-widget elementor-widget-image\" data-id=\"569911a8\" data-element_type=\"widget\" data-widget_type=\"image.default\">\n\t\t\t\t<div class=\"elementor-widget-container\">\n\t\t\t\t\t\t\t\t\t\t\t\t\t\t\t<img width=\"900\" height=\"600\" src=\"https:\/\/liberaenergia.es\/wp-content\/uploads\/2021\/05\/patro-pic-1.jpg\" class=\"attachment-full size-full wp-image-418\" alt=\"\" loading=\"lazy\" srcset=\"https:\/\/liberaenergia.es\/wp-content\/uploads\/2021\/05\/patro-pic-1.jpg 900w, https:\/\/liberaenergia.es\/wp-content\/uploads\/2021\/05\/patro-pic-1-300x200.jpg 300w, https:\/\/liberaenergia.es\/wp-content\/uploads\/2021\/05\/patro-pic-1-768x512.jpg 768w, https:\/\/liberaenergia.es\/wp-content\/uploads\/2021\/05\/patro-pic-1-700x467.jpg 700w\" sizes=\"(max-width: 900px) 100vw, 900px\" \/>\t\t\t\t\t\t\t\t\t\t\t\t\t\t\t<\/div>\n\t\t\t\t<\/div>\n\t\t\t\t\t<\/div>\n\t\t<\/div>\n\t\t\t\t<div class=\"elementor-column elementor-col-50 elementor-top-column elementor-element elementor-element-6a9b5e47\" data-id=\"6a9b5e47\" data-element_type=\"column\">\n\t\t\t<div class=\"elementor-widget-wrap elementor-element-populated\">\n\t\t\t\t\t\t\t\t<div class=\"elementor-element elementor-element-23acecb7 elementor-widget elementor-widget-text-editor\" data-id=\"23acecb7\" data-element_type=\"widget\" data-widget_type=\"text-editor.default\">\n\t\t\t\t<div class=\"elementor-widget-container\">\n\t\t\t\t\t\t\t<h6>En colaboraci\u00f3n con <a href=\"https:\/\/kaurifactory.com\/\">Kauri<\/a>, f\u00e1brica valenciana especializada en personalizaci\u00f3n de ropa deportiva y casual, ofrecemos acuerdos de patrocinio a Clubes y Asociaciones con el fin de satisfacer la necesidad de equipaciones y\/o prendas personalizadas que estas entidades pudieran tener.<\/h6>\t\t\t\t\t\t<\/div>\n\t\t\t\t<\/div>\n\t\t\t\t<div class=\"elementor-element elementor-element-fd62ecc elementor-widget elementor-widget-bridge_button\" data-id=\"fd62ecc\" data-element_type=\"widget\" data-widget_type=\"bridge_button.default\">\n\t\t\t\t<div class=\"elementor-widget-container\">\n\t\t\t<a  itemprop=\"url\" href=\"https:\/\/wa.me\/34623300827\" target=\"_self\"  class=\"qbutton  default\" style=\"\">CONTACTAR<\/a>\t\t<\/div>\n\t\t\t\t<\/div>\n\t\t\t\t\t<\/div>\n\t\t<\/div>\n\t\t\t\t\t\t\t<\/div>\n\t\t<\/section>\n\t\t\t\t<section class=\"elementor-section elementor-top-section elementor-element elementor-element-1b88cc1b qode_elementor_container_inner elementor-section-boxed elementor-section-height-default elementor-section-height-default parallax_section_no\" data-id=\"1b88cc1b\" data-element_type=\"section\">\n\t\t\t\t\t\t<div class=\"elementor-container elementor-column-gap-default\">\n\t\t\t\t\t<div class=\"elementor-column elementor-col-33 elementor-top-column elementor-element elementor-element-78b6da90\" data-id=\"78b6da90\" data-element_type=\"column\">\n\t\t\t<div class=\"elementor-widget-wrap elementor-element-populated\">\n\t\t\t\t\t\t\t\t<div class=\"elementor-element elementor-element-62def941 elementor-widget elementor-widget-bridge_image_with_text_over\" data-id=\"62def941\" data-element_type=\"widget\" data-widget_type=\"bridge_image_with_text_over.default\">\n\t\t\t\t<div class=\"elementor-widget-container\">\n\t\t\t<div class=\"q_image_with_text_over q_iwto_hover\"><div class=\"shader\" style = \"background-color: rgba(0,0,0,0)\"><\/div><div class=\"shader_hover\" style=\"background-color: rgba(0,0,0,0)\"><\/div><img itemprop=\"image\" src=\"\" alt=\"\" \/><div class=\"text\"><table><tr><td><h3 class=\"caption no_icon\" style=\"color: #131313;\"><\/h3><\/td><\/tr><\/table><table><tr><td><div class=\"desc\"><h4 style=\"text-align: left;\">Patrocinio START<\/h4><p style=\"text-align: left;\"><span style=\"color: #131313;\"><strong>\u2234 <\/strong>Recibe bonificaci\u00f3n por cada nueva alta que consigas unir a tu red.<br \/><strong>\u2234 <\/strong>T\u00fa gestionas la publicidad de Libera Energ\u00eda para poder llegar a qui\u00e9n t\u00fa quieras.<\/span><\/p><p style=\"text-align: left;\"><a href=\"https:\/\/wa.me\/34623300827\">CONTACTAR<\/a><\/p><\/div><\/td><\/tr><\/table><\/div><\/div>\t\t<\/div>\n\t\t\t\t<\/div>\n\t\t\t\t\t<\/div>\n\t\t<\/div>\n\t\t\t\t<div class=\"elementor-column elementor-col-33 elementor-top-column elementor-element elementor-element-4b9cee64\" data-id=\"4b9cee64\" data-element_type=\"column\">\n\t\t\t<div class=\"elementor-widget-wrap elementor-element-populated\">\n\t\t\t\t\t\t\t\t<div class=\"elementor-element elementor-element-3e0b43ae elementor-widget elementor-widget-bridge_image_with_text_over\" data-id=\"3e0b43ae\" data-element_type=\"widget\" data-widget_type=\"bridge_image_with_text_over.default\">\n\t\t\t\t<div class=\"elementor-widget-container\">\n\t\t\t<div class=\"q_image_with_text_over q_iwto_hover\"><div class=\"shader\" style = \"background-color: rgba(0,0,0,0)\"><\/div><div class=\"shader_hover\" style=\"background-color: rgba(0,0,0,0)\"><\/div><img itemprop=\"image\" src=\"\" alt=\"\" \/><div class=\"text\"><table><tr><td><h3 class=\"caption no_icon\" style=\"color: #131313;\"><\/h3><\/td><\/tr><\/table><table><tr><td><div class=\"desc\"><h4 style=\"text-align: left;\">Patrocinio TEAM<\/h4>\n<p style=\"text-align: left;\"><span style=\"color: #131313;\"><strong>\u2234 <\/strong>Recibe una bonificaci\u00f3n fija y un extra por cada nuevo miembro que se una a tu red.<\/span><\/p>\n<p style=\"text-align: left;\"><span style=\"color: #131313;\"><strong>\u2234 <\/strong>El logo Libera Energ\u00eda en tus equipaciones y comunicaci\u00f3n online.<\/span><\/p>\n<p style=\"text-align: left;\"><a href=\"https:\/\/wa.me\/34623300827\">CONTACTAR<\/a><\/p><\/div><\/td><\/tr><\/table><\/div><\/div>\t\t<\/div>\n\t\t\t\t<\/div>\n\t\t\t\t\t<\/div>\n\t\t<\/div>\n\t\t\t\t<div class=\"elementor-column elementor-col-33 elementor-top-column elementor-element elementor-element-464c7017\" data-id=\"464c7017\" data-element_type=\"column\">\n\t\t\t<div class=\"elementor-widget-wrap elementor-element-populated\">\n\t\t\t\t\t\t\t\t<div class=\"elementor-element elementor-element-7f58652 elementor-widget elementor-widget-bridge_image_with_text_over\" data-id=\"7f58652\" data-element_type=\"widget\" data-widget_type=\"bridge_image_with_text_over.default\">\n\t\t\t\t<div class=\"elementor-widget-container\">\n\t\t\t<div class=\"q_image_with_text_over q_iwto_hover\"><div class=\"shader\" style = \"background-color: rgba(0,0,0,0)\"><\/div><div class=\"shader_hover\" style=\"background-color: rgba(0,0,0,0)\"><\/div><img itemprop=\"image\" src=\"\" alt=\"\" \/><div class=\"text\"><table><tr><td><h3 class=\"caption no_icon\" style=\"color: #131313;\"><\/h3><\/td><\/tr><\/table><table><tr><td><div class=\"desc\"><h4 style=\"text-align: left;\">Patrocinio CUSTOM<\/h4>\n<p style=\"text-align: left;\"><span style=\"color: #131313;\"><strong>\u2234 <\/strong>Contacta con nosotros y estudiaremos la necesidad de tu Club o Asociaci\u00f3n para ofreceros el Patrocinio que mejor se ajuste.<\/span><\/p>\n<p style=\"text-align: left;\"><a href=\"https:\/\/wa.me\/34623300827\">CONTACTAR<\/a><\/p><\/div><\/td><\/tr><\/table><\/div><\/div>\t\t<\/div>\n\t\t\t\t<\/div>\n\t\t\t\t\t<\/div>\n\t\t<\/div>\n\t\t\t\t\t\t\t<\/div>\n\t\t<\/section>\n\t\t\t\t\t\t\t<\/div>\n\t\t","protected":false},"excerpt":{"rendered":"<p>Patrocinio de Clubes y Asociaciones En colaboraci\u00f3n con Kauri, f\u00e1brica valenciana especializada en personalizaci\u00f3n de ropa deportiva y casual, ofrecemos acuerdos de patrocinio a Clubes y Asociaciones con el fin de satisfacer la necesidad de equipaciones y\/o prendas personalizadas que estas entidades pudieran tener. CONTACTAR&#8230;<\/p>\n","protected":false},"author":1,"featured_media":0,"parent":0,"menu_order":0,"comment_status":"closed","ping_status":"closed","template":"","meta":[],"yoast_head":"<!-- This site is optimized with the Yoast SEO plugin v19.13 - https:\/\/yoast.com\/wordpress\/plugins\/seo\/ -->\n<title>Patrocinios Libera Energ\u00eda - LIBERA ENERG\u00cdA<\/title>\n<meta name=\"robots\" content=\"index, follow, max-snippet:-1, max-image-preview:large, max-video-preview:-1\" \/>\n<link rel=\"canonical\" href=\"https:\/\/liberaenergia.es\/index.php\/patrocinios-libera-energia\/\" \/>\n<meta property=\"og:locale\" content=\"es_ES\" \/>\n<meta property=\"og:type\" content=\"article\" \/>\n<meta property=\"og:title\" content=\"Patrocinios Libera Energ\u00eda - LIBERA ENERG\u00cdA\" \/>\n<meta property=\"og:description\" content=\"Patrocinio de Clubes y Asociaciones En colaboraci\u00f3n con Kauri, f\u00e1brica valenciana especializada en personalizaci\u00f3n de ropa deportiva y casual, ofrecemos acuerdos de patrocinio a Clubes y Asociaciones con el fin de satisfacer la necesidad de equipaciones y\/o prendas personalizadas que estas entidades pudieran tener. CONTACTAR...\" \/>\n<meta property=\"og:url\" content=\"https:\/\/liberaenergia.es\/index.php\/patrocinios-libera-energia\/\" \/>\n<meta property=\"og:site_name\" content=\"LIBERA ENERG\u00cdA\" \/>\n<meta property=\"article:modified_time\" content=\"2021-05-20T11:11:21+00:00\" \/>\n<meta property=\"og:image\" content=\"http:\/\/liberaenergia.es\/wp-content\/uploads\/2021\/05\/patro-pic-1.jpg\" \/>\n<meta name=\"twitter:card\" content=\"summary_large_image\" \/>\n<meta name=\"twitter:label1\" content=\"Tiempo de lectura\" \/>\n\t<meta name=\"twitter:data1\" content=\"1 minuto\" \/>\n<script type=\"application\/ld+json\" class=\"yoast-schema-graph\">{\"@context\":\"https:\/\/schema.org\",\"@graph\":[{\"@type\":\"WebPage\",\"@id\":\"https:\/\/liberaenergia.es\/index.php\/patrocinios-libera-energia\/\",\"url\":\"https:\/\/liberaenergia.es\/index.php\/patrocinios-libera-energia\/\",\"name\":\"Patrocinios Libera Energ\u00eda - LIBERA ENERG\u00cdA\",\"isPartOf\":{\"@id\":\"https:\/\/liberaenergia.es\/#website\"},\"datePublished\":\"2021-05-19T13:22:34+00:00\",\"dateModified\":\"2021-05-20T11:11:21+00:00\",\"breadcrumb\":{\"@id\":\"https:\/\/liberaenergia.es\/index.php\/patrocinios-libera-energia\/#breadcrumb\"},\"inLanguage\":\"es\",\"potentialAction\":[{\"@type\":\"ReadAction\",\"target\":[\"https:\/\/liberaenergia.es\/index.php\/patrocinios-libera-energia\/\"]}]},{\"@type\":\"BreadcrumbList\",\"@id\":\"https:\/\/liberaenergia.es\/index.php\/patrocinios-libera-energia\/#breadcrumb\",\"itemListElement\":[{\"@type\":\"ListItem\",\"position\":1,\"name\":\"Portada\",\"item\":\"https:\/\/liberaenergia.es\/\"},{\"@type\":\"ListItem\",\"position\":2,\"name\":\"Patrocinios Libera Energ\u00eda\"}]},{\"@type\":\"WebSite\",\"@id\":\"https:\/\/liberaenergia.es\/#website\",\"url\":\"https:\/\/liberaenergia.es\/\",\"name\":\"Libera Energ\u00eda\",\"description\":\"Mejora tu factura y el planeta\",\"publisher\":{\"@id\":\"https:\/\/liberaenergia.es\/#organization\"},\"potentialAction\":[{\"@type\":\"SearchAction\",\"target\":{\"@type\":\"EntryPoint\",\"urlTemplate\":\"https:\/\/liberaenergia.es\/?s={search_term_string}\"},\"query-input\":\"required name=search_term_string\"}],\"inLanguage\":\"es\"},{\"@type\":\"Organization\",\"@id\":\"https:\/\/liberaenergia.es\/#organization\",\"name\":\"Liberaenergia\",\"url\":\"https:\/\/liberaenergia.es\/\",\"logo\":{\"@type\":\"ImageObject\",\"inLanguage\":\"es\",\"@id\":\"https:\/\/liberaenergia.es\/#\/schema\/logo\/image\/\",\"url\":\"https:\/\/liberaenergia.es\/wp-content\/uploads\/2021\/05\/Recurso-2.png\",\"contentUrl\":\"https:\/\/liberaenergia.es\/wp-content\/uploads\/2021\/05\/Recurso-2.png\",\"width\":438,\"height\":166,\"caption\":\"Liberaenergia\"},\"image\":{\"@id\":\"https:\/\/liberaenergia.es\/#\/schema\/logo\/image\/\"}}]}<\/script>\n<!-- \/ Yoast SEO plugin. -->","yoast_head_json":{"title":"Patrocinios Libera Energ\u00eda - LIBERA ENERG\u00cdA","robots":{"index":"index","follow":"follow","max-snippet":"max-snippet:-1","max-image-preview":"max-image-preview:large","max-video-preview":"max-video-preview:-1"},"canonical":"https:\/\/liberaenergia.es\/index.php\/patrocinios-libera-energia\/","og_locale":"es_ES","og_type":"article","og_title":"Patrocinios Libera Energ\u00eda - LIBERA ENERG\u00cdA","og_description":"Patrocinio de Clubes y Asociaciones En colaboraci\u00f3n con Kauri, f\u00e1brica valenciana especializada en personalizaci\u00f3n de ropa deportiva y casual, ofrecemos acuerdos de patrocinio a Clubes y Asociaciones con el fin de satisfacer la necesidad de equipaciones y\/o prendas personalizadas que estas entidades pudieran tener. CONTACTAR...","og_url":"https:\/\/liberaenergia.es\/index.php\/patrocinios-libera-energia\/","og_site_name":"LIBERA ENERG\u00cdA","article_modified_time":"2021-05-20T11:11:21+00:00","og_image":[{"url":"http:\/\/liberaenergia.es\/wp-content\/uploads\/2021\/05\/patro-pic-1.jpg"}],"twitter_card":"summary_large_image","twitter_misc":{"Tiempo de lectura":"1 minuto"},"schema":{"@context":"https:\/\/schema.org","@graph":[{"@type":"WebPage","@id":"https:\/\/liberaenergia.es\/index.php\/patrocinios-libera-energia\/","url":"https:\/\/liberaenergia.es\/index.php\/patrocinios-libera-energia\/","name":"Patrocinios Libera Energ\u00eda - LIBERA ENERG\u00cdA","isPartOf":{"@id":"https:\/\/liberaenergia.es\/#website"},"datePublished":"2021-05-19T13:22:34+00:00","dateModified":"2021-05-20T11:11:21+00:00","breadcrumb":{"@id":"https:\/\/liberaenergia.es\/index.php\/patrocinios-libera-energia\/#breadcrumb"},"inLanguage":"es","potentialAction":[{"@type":"ReadAction","target":["https:\/\/liberaenergia.es\/index.php\/patrocinios-libera-energia\/"]}]},{"@type":"BreadcrumbList","@id":"https:\/\/liberaenergia.es\/index.php\/patrocinios-libera-energia\/#breadcrumb","itemListElement":[{"@type":"ListItem","position":1,"name":"Portada","item":"https:\/\/liberaenergia.es\/"},{"@type":"ListItem","position":2,"name":"Patrocinios Libera Energ\u00eda"}]},{"@type":"WebSite","@id":"https:\/\/liberaenergia.es\/#website","url":"https:\/\/liberaenergia.es\/","name":"Libera Energ\u00eda","description":"Mejora tu factura y el planeta","publisher":{"@id":"https:\/\/liberaenergia.es\/#organization"},"potentialAction":[{"@type":"SearchAction","target":{"@type":"EntryPoint","urlTemplate":"https:\/\/liberaenergia.es\/?s={search_term_string}"},"query-input":"required name=search_term_string"}],"inLanguage":"es"},{"@type":"Organization","@id":"https:\/\/liberaenergia.es\/#organization","name":"Liberaenergia","url":"https:\/\/liberaenergia.es\/","logo":{"@type":"ImageObject","inLanguage":"es","@id":"https:\/\/liberaenergia.es\/#\/schema\/logo\/image\/","url":"https:\/\/liberaenergia.es\/wp-content\/uploads\/2021\/05\/Recurso-2.png","contentUrl":"https:\/\/liberaenergia.es\/wp-content\/uploads\/2021\/05\/Recurso-2.png","width":438,"height":166,"caption":"Liberaenergia"},"image":{"@id":"https:\/\/liberaenergia.es\/#\/schema\/logo\/image\/"}}]}},"_links":{"self":[{"href":"https:\/\/liberaenergia.es\/index.php\/wp-json\/wp\/v2\/pages\/400"}],"collection":[{"href":"https:\/\/liberaenergia.es\/index.php\/wp-json\/wp\/v2\/pages"}],"about":[{"href":"https:\/\/liberaenergia.es\/index.php\/wp-json\/wp\/v2\/types\/page"}],"author":[{"embeddable":true,"href":"https:\/\/liberaenergia.es\/index.php\/wp-json\/wp\/v2\/users\/1"}],"replies":[{"embeddable":true,"href":"https:\/\/liberaenergia.es\/index.php\/wp-json\/wp\/v2\/comments?post=400"}],"version-history":[{"count":26,"href":"https:\/\/liberaenergia.es\/index.php\/wp-json\/wp\/v2\/pages\/400\/revisions"}],"predecessor-version":[{"id":439,"href":"https:\/\/liberaenergia.es\/index.php\/wp-json\/wp\/v2\/pages\/400\/revisions\/439"}],"wp:attachment":[{"href":"https:\/\/liberaenergia.es\/index.php\/wp-json\/wp\/v2\/media?parent=400"}],"curies":[{"name":"wp","href":"https:\/\/api.w.org\/{rel}","templated":true}]}}